{"id":1300,"date":"2023-11-15T00:41:39","date_gmt":"2023-11-14T23:41:39","guid":{"rendered":"https:\/\/crystapc.fkit.hr\/?page_id=1300"},"modified":"2024-03-29T09:07:28","modified_gmt":"2024-03-29T08:07:28","slug":"znanstveni-radovi-objavljeni-na-projektu-crysapc","status":"publish","type":"page","link":"https:\/\/crystapc.fkit.hr\/?page_id=1300","title":{"rendered":"Znanstveni radovi objavljeni na projektu CrysAPC"},"content":{"rendered":"\t\t<div data-elementor-type=\"wp-page\" data-elementor-id=\"1300\" class=\"elementor elementor-1300\">\n\t\t\t\t\t\t<section class=\"elementor-section elementor-top-section elementor-element elementor-element-8b94227 elementor-section-boxed elementor-section-height-default elementor-section-height-default\" data-id=\"8b94227\" data-element_type=\"section\">\n\t\t\t\t\t\t<div class=\"elementor-container elementor-column-gap-default\">\n\t\t\t\t\t<div class=\"elementor-column elementor-col-100 elementor-top-column elementor-element elementor-element-17686f5\" data-id=\"17686f5\" data-element_type=\"column\">\n\t\t\t<div class=\"elementor-widget-wrap elementor-element-populated\">\n\t\t\t\t\t\t<div class=\"elementor-element elementor-element-40d237d elementor-widget elementor-widget-image\" data-id=\"40d237d\" data-element_type=\"widget\" data-widget_type=\"image.default\">\n\t\t\t\t<div class=\"elementor-widget-container\">\n\t\t\t\t\t\t\t\t\t\t\t\t\t\t\t<img fetchpriority=\"high\" decoding=\"async\" width=\"768\" height=\"125\" src=\"https:\/\/crystapc.fkit.hr\/wp-content\/uploads\/2024\/03\/retard-768x125.png\" class=\"attachment-medium_large size-medium_large wp-image-1488\" alt=\"\" srcset=\"https:\/\/crystapc.fkit.hr\/wp-content\/uploads\/2024\/03\/retard-768x125.png 768w, https:\/\/crystapc.fkit.hr\/wp-content\/uploads\/2024\/03\/retard-300x49.png 300w, https:\/\/crystapc.fkit.hr\/wp-content\/uploads\/2024\/03\/retard-1024x167.png 1024w, https:\/\/crystapc.fkit.hr\/wp-content\/uploads\/2024\/03\/retard-18x3.png 18w, https:\/\/crystapc.fkit.hr\/wp-content\/uploads\/2024\/03\/retard.png 1359w\" sizes=\"(max-width: 768px) 100vw, 768px\" \/>\t\t\t\t\t\t\t\t\t\t\t\t\t\t\t<\/div>\n\t\t\t\t<\/div>\n\t\t\t\t\t<\/div>\n\t\t<\/div>\n\t\t\t\t\t<\/div>\n\t\t<\/section>\n\t\t\t\t<section class=\"elementor-section elementor-top-section elementor-element elementor-element-744b912 elementor-section-boxed elementor-section-height-default elementor-section-height-default\" data-id=\"744b912\" data-element_type=\"section\">\n\t\t\t\t\t\t<div class=\"elementor-container elementor-column-gap-default\">\n\t\t\t\t\t<div class=\"elementor-column elementor-col-100 elementor-top-column elementor-element elementor-element-350fe4e\" data-id=\"350fe4e\" data-element_type=\"column\">\n\t\t\t<div class=\"elementor-widget-wrap elementor-element-populated\">\n\t\t\t\t\t\t<div class=\"elementor-element elementor-element-4d7398d elementor-widget elementor-widget-text-editor\" data-id=\"4d7398d\" data-element_type=\"widget\" data-widget_type=\"text-editor.default\">\n\t\t\t\t<div class=\"elementor-widget-container\">\n\t\t\t\t\t\t\t\t\t<p>Profesorica Jasna Prli\u0107 Kardum i asistentica Iva Zoki\u0107 objavile su dva znanstvena rada vezana uz kristalizaciju djelatnih tvari. Prvi rad pod naslovom <a href=\"https:\/\/doi.org\/10.1002\/ceat.202300138\">Could drug availability be improved through shape modification<\/a> objavljen je u \u010dasopisu Chemical Engineering&amp;Technology i govori o utjecaju procesa sferi\u010dne kristalizacije na profile osloba\u0111anja dviju djelatnih tvari: dronedaron hidroklorida i ceritiniba.<\/p>\t\t\t\t\t\t\t\t<\/div>\n\t\t\t\t<\/div>\n\t\t\t\t\t<\/div>\n\t\t<\/div>\n\t\t\t\t\t<\/div>\n\t\t<\/section>\n\t\t\t\t<section class=\"elementor-section elementor-top-section elementor-element elementor-element-1b5346a elementor-section-boxed elementor-section-height-default elementor-section-height-default\" data-id=\"1b5346a\" data-element_type=\"section\">\n\t\t\t\t\t\t<div class=\"elementor-container elementor-column-gap-default\">\n\t\t\t\t\t<div class=\"elementor-column elementor-col-100 elementor-top-column elementor-element elementor-element-b68b275\" data-id=\"b68b275\" data-element_type=\"column\">\n\t\t\t<div class=\"elementor-widget-wrap elementor-element-populated\">\n\t\t\t\t\t\t<div class=\"elementor-element elementor-element-8962975 elementor-widget elementor-widget-image\" data-id=\"8962975\" data-element_type=\"widget\" data-widget_type=\"image.default\">\n\t\t\t\t<div class=\"elementor-widget-container\">\n\t\t\t\t\t\t\t\t\t\t\t\t\t\t\t<img decoding=\"async\" width=\"698\" height=\"258\" src=\"https:\/\/crystapc.fkit.hr\/wp-content\/uploads\/2023\/11\/tdftdtdr.png\" class=\"attachment-medium_large size-medium_large wp-image-1302\" alt=\"\" srcset=\"https:\/\/crystapc.fkit.hr\/wp-content\/uploads\/2023\/11\/tdftdtdr.png 698w, https:\/\/crystapc.fkit.hr\/wp-content\/uploads\/2023\/11\/tdftdtdr-300x111.png 300w, https:\/\/crystapc.fkit.hr\/wp-content\/uploads\/2023\/11\/tdftdtdr-18x7.png 18w\" sizes=\"(max-width: 698px) 100vw, 698px\" \/>\t\t\t\t\t\t\t\t\t\t\t\t\t\t\t<\/div>\n\t\t\t\t<\/div>\n\t\t\t\t\t<\/div>\n\t\t<\/div>\n\t\t\t\t\t<\/div>\n\t\t<\/section>\n\t\t\t\t<section class=\"elementor-section elementor-top-section elementor-element elementor-element-2e4e527 elementor-section-boxed elementor-section-height-default elementor-section-height-default\" data-id=\"2e4e527\" data-element_type=\"section\">\n\t\t\t\t\t\t<div class=\"elementor-container elementor-column-gap-default\">\n\t\t\t\t\t<div class=\"elementor-column elementor-col-100 elementor-top-column elementor-element elementor-element-04381e6\" data-id=\"04381e6\" data-element_type=\"column\">\n\t\t\t<div class=\"elementor-widget-wrap elementor-element-populated\">\n\t\t\t\t\t\t<div class=\"elementor-element elementor-element-fc43a79 elementor-widget elementor-widget-text-editor\" data-id=\"fc43a79\" data-element_type=\"widget\" data-widget_type=\"text-editor.default\">\n\t\t\t\t<div class=\"elementor-widget-container\">\n\t\t\t\t\t\t\t\t\t<p>Drugi rad objavljen je u \u010dasopisu ChemEngineering pod naslovom <a href=\"https:\/\/doi.org\/10.3390\/chemengineering7050084\">Crystallization Behavior of Ceritinib: Characterization and Optimization Strategies<\/a>, te je istaknut na naslovnoj stranici tog izdanja. Rad govori o odabiru sustava otapala za kristalizaciju \u017eeljenih formi ceritiniba te utjecaju morfologije dobivenih kristala na procese filtracije i su\u0161enja.<\/p>\t\t\t\t\t\t\t\t<\/div>\n\t\t\t\t<\/div>\n\t\t\t\t\t<\/div>\n\t\t<\/div>\n\t\t\t\t\t<\/div>\n\t\t<\/section>\n\t\t\t\t<section class=\"elementor-section elementor-top-section elementor-element elementor-element-79a3df9 elementor-section-content-middle elementor-section-boxed elementor-section-height-default elementor-section-height-default\" data-id=\"79a3df9\" data-element_type=\"section\">\n\t\t\t\t\t\t<div class=\"elementor-container elementor-column-gap-default\">\n\t\t\t\t\t<div class=\"elementor-column elementor-col-50 elementor-top-column elementor-element elementor-element-b6b2410\" data-id=\"b6b2410\" data-element_type=\"column\">\n\t\t\t<div class=\"elementor-widget-wrap elementor-element-populated\">\n\t\t\t\t\t\t<div class=\"elementor-element elementor-element-7eb075d elementor-widget elementor-widget-image\" data-id=\"7eb075d\" data-element_type=\"widget\" data-widget_type=\"image.default\">\n\t\t\t\t<div class=\"elementor-widget-container\">\n\t\t\t\t\t\t\t\t\t\t\t\t\t\t\t<img decoding=\"async\" width=\"487\" height=\"692\" src=\"https:\/\/crystapc.fkit.hr\/wp-content\/uploads\/2023\/11\/uzizuizuiz.png\" class=\"attachment-large size-large wp-image-1303\" alt=\"\" srcset=\"https:\/\/crystapc.fkit.hr\/wp-content\/uploads\/2023\/11\/uzizuizuiz.png 487w, https:\/\/crystapc.fkit.hr\/wp-content\/uploads\/2023\/11\/uzizuizuiz-211x300.png 211w, https:\/\/crystapc.fkit.hr\/wp-content\/uploads\/2023\/11\/uzizuizuiz-8x12.png 8w\" sizes=\"(max-width: 487px) 100vw, 487px\" \/>\t\t\t\t\t\t\t\t\t\t\t\t\t\t\t<\/div>\n\t\t\t\t<\/div>\n\t\t\t\t\t<\/div>\n\t\t<\/div>\n\t\t\t\t<div class=\"elementor-column elementor-col-50 elementor-top-column elementor-element elementor-element-bf9ce0d\" data-id=\"bf9ce0d\" data-element_type=\"column\">\n\t\t\t<div class=\"elementor-widget-wrap elementor-element-populated\">\n\t\t\t\t\t\t<div class=\"elementor-element elementor-element-e7fcef1 elementor-widget elementor-widget-image\" data-id=\"e7fcef1\" data-element_type=\"widget\" data-widget_type=\"image.default\">\n\t\t\t\t<div class=\"elementor-widget-container\">\n\t\t\t\t\t\t\t\t\t\t\t\t\t\t\t<img loading=\"lazy\" decoding=\"async\" width=\"768\" height=\"347\" src=\"https:\/\/crystapc.fkit.hr\/wp-content\/uploads\/2023\/11\/hjjhgjghjgj-768x347.jpg\" class=\"attachment-medium_large size-medium_large wp-image-1304\" alt=\"\" srcset=\"https:\/\/crystapc.fkit.hr\/wp-content\/uploads\/2023\/11\/hjjhgjghjgj-768x347.jpg 768w, https:\/\/crystapc.fkit.hr\/wp-content\/uploads\/2023\/11\/hjjhgjghjgj-300x136.jpg 300w, https:\/\/crystapc.fkit.hr\/wp-content\/uploads\/2023\/11\/hjjhgjghjgj-18x8.jpg 18w, https:\/\/crystapc.fkit.hr\/wp-content\/uploads\/2023\/11\/hjjhgjghjgj.jpg 923w\" sizes=\"(max-width: 768px) 100vw, 768px\" \/>\t\t\t\t\t\t\t\t\t\t\t\t\t\t\t<\/div>\n\t\t\t\t<\/div>\n\t\t\t\t\t<\/div>\n\t\t<\/div>\n\t\t\t\t\t<\/div>\n\t\t<\/section>\n\t\t\t\t<\/div>\n\t\t","protected":false},"excerpt":{"rendered":"<p>Profesorica Jasna Prli\u0107 Kardum i asistentica Iva Zoki\u0107 objavile su dva znanstvena rada vezana uz kristalizaciju djelatnih tvari. Prvi rad pod naslovom Could drug availability be improved through shape modification objavljen je u \u010dasopisu Chemical Engineering&amp;Technology i govori o utjecaju procesa sferi\u010dne kristalizacije na profile osloba\u0111anja dviju djelatnih tvari: dronedaron hidroklorida i ceritiniba. Drugi rad [&hellip;]<\/p>\n","protected":false},"author":1,"featured_media":0,"parent":0,"menu_order":0,"comment_status":"closed","ping_status":"closed","template":"","meta":{"ngg_post_thumbnail":0,"footnotes":""},"class_list":["post-1300","page","type-page","status-publish","hentry"],"_links":{"self":[{"href":"https:\/\/crystapc.fkit.hr\/index.php?rest_route=\/wp\/v2\/pages\/1300","targetHints":{"allow":["GET"]}}],"collection":[{"href":"https:\/\/crystapc.fkit.hr\/index.php?rest_route=\/wp\/v2\/pages"}],"about":[{"href":"https:\/\/crystapc.fkit.hr\/index.php?rest_route=\/wp\/v2\/types\/page"}],"author":[{"embeddable":true,"href":"https:\/\/crystapc.fkit.hr\/index.php?rest_route=\/wp\/v2\/users\/1"}],"replies":[{"embeddable":true,"href":"https:\/\/crystapc.fkit.hr\/index.php?rest_route=%2Fwp%2Fv2%2Fcomments&post=1300"}],"version-history":[{"count":10,"href":"https:\/\/crystapc.fkit.hr\/index.php?rest_route=\/wp\/v2\/pages\/1300\/revisions"}],"predecessor-version":[{"id":1587,"href":"https:\/\/crystapc.fkit.hr\/index.php?rest_route=\/wp\/v2\/pages\/1300\/revisions\/1587"}],"wp:attachment":[{"href":"https:\/\/crystapc.fkit.hr\/index.php?rest_route=%2Fwp%2Fv2%2Fmedia&parent=1300"}],"curies":[{"name":"wp","href":"https:\/\/api.w.org\/{rel}","templated":true}]}}