{"id":1317,"date":"2023-11-15T00:45:13","date_gmt":"2023-11-14T23:45:13","guid":{"rendered":"https:\/\/crystapc.fkit.hr\/?page_id=1317"},"modified":"2024-03-29T09:00:05","modified_gmt":"2024-03-29T08:00:05","slug":"eccpm-forum","status":"publish","type":"page","link":"https:\/\/crystapc.fkit.hr\/?page_id=1317","title":{"rendered":"ECCPM forum"},"content":{"rendered":"\t\t<div data-elementor-type=\"wp-page\" data-elementor-id=\"1317\" class=\"elementor elementor-1317\">\n\t\t\t\t\t\t<section class=\"elementor-section elementor-top-section elementor-element elementor-element-e2e241e elementor-section-boxed elementor-section-height-default elementor-section-height-default\" data-id=\"e2e241e\" data-element_type=\"section\">\n\t\t\t\t\t\t<div class=\"elementor-container elementor-column-gap-default\">\n\t\t\t\t\t<div class=\"elementor-column elementor-col-100 elementor-top-column elementor-element elementor-element-5e93d94\" data-id=\"5e93d94\" data-element_type=\"column\">\n\t\t\t<div class=\"elementor-widget-wrap elementor-element-populated\">\n\t\t\t\t\t\t<div class=\"elementor-element elementor-element-70f8ad0 elementor-widget elementor-widget-image\" data-id=\"70f8ad0\" data-element_type=\"widget\" data-widget_type=\"image.default\">\n\t\t\t\t<div class=\"elementor-widget-container\">\n\t\t\t\t\t\t\t\t\t\t\t\t\t\t\t<img fetchpriority=\"high\" decoding=\"async\" width=\"768\" height=\"125\" src=\"https:\/\/crystapc.fkit.hr\/wp-content\/uploads\/2024\/03\/retard-768x125.png\" class=\"attachment-medium_large size-medium_large wp-image-1488\" alt=\"\" srcset=\"https:\/\/crystapc.fkit.hr\/wp-content\/uploads\/2024\/03\/retard-768x125.png 768w, https:\/\/crystapc.fkit.hr\/wp-content\/uploads\/2024\/03\/retard-300x49.png 300w, https:\/\/crystapc.fkit.hr\/wp-content\/uploads\/2024\/03\/retard-1024x167.png 1024w, https:\/\/crystapc.fkit.hr\/wp-content\/uploads\/2024\/03\/retard-18x3.png 18w, https:\/\/crystapc.fkit.hr\/wp-content\/uploads\/2024\/03\/retard.png 1359w\" sizes=\"(max-width: 768px) 100vw, 768px\" \/>\t\t\t\t\t\t\t\t\t\t\t\t\t\t\t<\/div>\n\t\t\t\t<\/div>\n\t\t\t\t\t<\/div>\n\t\t<\/div>\n\t\t\t\t\t<\/div>\n\t\t<\/section>\n\t\t\t\t<section class=\"elementor-section elementor-top-section elementor-element elementor-element-90b71aa elementor-section-boxed elementor-section-height-default elementor-section-height-default\" data-id=\"90b71aa\" data-element_type=\"section\">\n\t\t\t\t\t\t<div class=\"elementor-container elementor-column-gap-default\">\n\t\t\t\t\t<div class=\"elementor-column elementor-col-100 elementor-top-column elementor-element elementor-element-15007e0\" data-id=\"15007e0\" data-element_type=\"column\">\n\t\t\t<div class=\"elementor-widget-wrap elementor-element-populated\">\n\t\t\t\t\t\t<div class=\"elementor-element elementor-element-dce8bf6 elementor-widget elementor-widget-text-editor\" data-id=\"dce8bf6\" data-element_type=\"widget\" data-widget_type=\"text-editor.default\">\n\t\t\t\t<div class=\"elementor-widget-container\">\n\t\t\t\t\t\t\t\t\t<p>Na 6th ECCPM &#8211; European Consortium for Continuous Pharmaceutical Manufacturing forumu sudjelovali su, uz brojne sudionike iz industrije i akademije, Nenad Bolf i Marko Sejdi\u0107. Tijekom dvodnevnog skupa prvog dana organiziran je trening o naprednoj farmaceutskoj proizvodnji, kao i obilazak laboratorija s prakti\u010dnom demonstracijom (End-to-End Manufacturing, Cognitive Automation, Personalized manufacturing and SmartLab). Ve\u010der je bila rezervirana za dru\u017eenje i umre\u017eavanje.<br>Drugog dana odr\u017ean je skup s ve\u0107im brojem predavanja vezanim uz primjenu PAT-a i naprednog vo\u0111enja u kontinuiranoj farmaceutskoj proizvodnji, kao i za primjenu metoda umjetne inteligencije za simuliranje i vo\u0111enje slo\u017eenih procesa. <br>Na\u0161 rad predstavili smo posterom Process Analytical Technology (PAT) for Real-Time Control in Pharmaceutical Production.<\/p>\t\t\t\t\t\t\t\t<\/div>\n\t\t\t\t<\/div>\n\t\t\t\t\t<\/div>\n\t\t<\/div>\n\t\t\t\t\t<\/div>\n\t\t<\/section>\n\t\t\t\t<\/div>\n\t\t","protected":false},"excerpt":{"rendered":"<p>Na 6th ECCPM &#8211; European Consortium for Continuous Pharmaceutical Manufacturing forumu sudjelovali su, uz brojne sudionike iz industrije i akademije, Nenad Bolf i Marko Sejdi\u0107. Tijekom dvodnevnog skupa prvog dana organiziran je trening o naprednoj farmaceutskoj proizvodnji, kao i obilazak laboratorija s prakti\u010dnom demonstracijom (End-to-End Manufacturing, Cognitive Automation, Personalized manufacturing and SmartLab). Ve\u010der je bila [&hellip;]<\/p>\n","protected":false},"author":1,"featured_media":0,"parent":0,"menu_order":0,"comment_status":"closed","ping_status":"closed","template":"","meta":{"ngg_post_thumbnail":0,"footnotes":""},"class_list":["post-1317","page","type-page","status-publish","hentry"],"_links":{"self":[{"href":"https:\/\/crystapc.fkit.hr\/index.php?rest_route=\/wp\/v2\/pages\/1317","targetHints":{"allow":["GET"]}}],"collection":[{"href":"https:\/\/crystapc.fkit.hr\/index.php?rest_route=\/wp\/v2\/pages"}],"about":[{"href":"https:\/\/crystapc.fkit.hr\/index.php?rest_route=\/wp\/v2\/types\/page"}],"author":[{"embeddable":true,"href":"https:\/\/crystapc.fkit.hr\/index.php?rest_route=\/wp\/v2\/users\/1"}],"replies":[{"embeddable":true,"href":"https:\/\/crystapc.fkit.hr\/index.php?rest_route=%2Fwp%2Fv2%2Fcomments&post=1317"}],"version-history":[{"count":10,"href":"https:\/\/crystapc.fkit.hr\/index.php?rest_route=\/wp\/v2\/pages\/1317\/revisions"}],"predecessor-version":[{"id":1533,"href":"https:\/\/crystapc.fkit.hr\/index.php?rest_route=\/wp\/v2\/pages\/1317\/revisions\/1533"}],"wp:attachment":[{"href":"https:\/\/crystapc.fkit.hr\/index.php?rest_route=%2Fwp%2Fv2%2Fmedia&parent=1317"}],"curies":[{"name":"wp","href":"https:\/\/api.w.org\/{rel}","templated":true}]}}