{"id":1392,"date":"2024-01-20T17:50:40","date_gmt":"2024-01-20T16:50:40","guid":{"rendered":"https:\/\/crystapc.fkit.hr\/?page_id=1392"},"modified":"2024-03-29T08:52:15","modified_gmt":"2024-03-29T07:52:15","slug":"elementor-1392","status":"publish","type":"page","link":"https:\/\/crystapc.fkit.hr\/?page_id=1392","title":{"rendered":"Umre\u017eavanje s Prehrambeno-tehnolo\u0161kim fakultetom u Osijeku"},"content":{"rendered":"\t\t<div data-elementor-type=\"wp-page\" data-elementor-id=\"1392\" class=\"elementor elementor-1392\">\n\t\t\t\t\t\t<section class=\"elementor-section elementor-top-section elementor-element elementor-element-3ac2314 elementor-section-boxed elementor-section-height-default elementor-section-height-default\" data-id=\"3ac2314\" data-element_type=\"section\">\n\t\t\t\t\t\t<div class=\"elementor-container elementor-column-gap-default\">\n\t\t\t\t\t<div class=\"elementor-column elementor-col-100 elementor-top-column elementor-element elementor-element-2a8eaff\" data-id=\"2a8eaff\" data-element_type=\"column\">\n\t\t\t<div class=\"elementor-widget-wrap elementor-element-populated\">\n\t\t\t\t\t\t<div class=\"elementor-element elementor-element-81973f4 elementor-widget elementor-widget-image\" data-id=\"81973f4\" data-element_type=\"widget\" data-widget_type=\"image.default\">\n\t\t\t\t<div class=\"elementor-widget-container\">\n\t\t\t\t\t\t\t\t\t\t\t\t\t\t\t<img fetchpriority=\"high\" decoding=\"async\" width=\"768\" height=\"125\" src=\"https:\/\/crystapc.fkit.hr\/wp-content\/uploads\/2024\/03\/retard-768x125.png\" class=\"attachment-medium_large size-medium_large wp-image-1488\" alt=\"\" srcset=\"https:\/\/crystapc.fkit.hr\/wp-content\/uploads\/2024\/03\/retard-768x125.png 768w, https:\/\/crystapc.fkit.hr\/wp-content\/uploads\/2024\/03\/retard-300x49.png 300w, https:\/\/crystapc.fkit.hr\/wp-content\/uploads\/2024\/03\/retard-1024x167.png 1024w, https:\/\/crystapc.fkit.hr\/wp-content\/uploads\/2024\/03\/retard-18x3.png 18w, https:\/\/crystapc.fkit.hr\/wp-content\/uploads\/2024\/03\/retard.png 1359w\" sizes=\"(max-width: 768px) 100vw, 768px\" \/>\t\t\t\t\t\t\t\t\t\t\t\t\t\t\t<\/div>\n\t\t\t\t<\/div>\n\t\t\t\t\t<\/div>\n\t\t<\/div>\n\t\t\t\t\t<\/div>\n\t\t<\/section>\n\t\t\t\t<section class=\"elementor-section elementor-top-section elementor-element elementor-element-c39cf11 elementor-section-boxed elementor-section-height-default elementor-section-height-default\" data-id=\"c39cf11\" data-element_type=\"section\">\n\t\t\t\t\t\t<div class=\"elementor-container elementor-column-gap-default\">\n\t\t\t\t\t<div class=\"elementor-column elementor-col-100 elementor-top-column elementor-element elementor-element-922460b\" data-id=\"922460b\" data-element_type=\"column\">\n\t\t\t<div class=\"elementor-widget-wrap elementor-element-populated\">\n\t\t\t\t\t\t<div class=\"elementor-element elementor-element-ead2405 elementor-widget elementor-widget-text-editor\" data-id=\"ead2405\" data-element_type=\"widget\" data-widget_type=\"text-editor.default\">\n\t\t\t\t<div class=\"elementor-widget-container\">\n\t\t\t\t\t\t\t\t\t<p>U prosincu 2023. grupa istra\u017eiva\u010da projekta CrystAPC posjetila je Prehrambeno-tehnolo\u0161ki fakultet Sveu\u010dili\u0161ta u Osijeku. Na\u0161 doma\u0107in bila je prof. \u0110ur\u0111ica A\u010dkar, prodekanica za znanost i me\u0111unarodnu suradnju. Na\u0161a je grupa predstavila projekt CrystAPC, njegove ciljeve, pristup i postignu\u0107a. Profesorica A\u010dkar predstavila nam je raznovrsnu znanstvenu djelatnost Fakulteta i istra\u017eiva\u010dka iskustva na podru\u010dju prehrambene tehnologije. U nastavku posjeta razgovaralo se o mogu\u0107oj suradnji, budu\u0107im projektima i razmjeni iskustva izme\u0111u dviju institucija.<\/p>\t\t\t\t\t\t\t\t<\/div>\n\t\t\t\t<\/div>\n\t\t\t\t\t<\/div>\n\t\t<\/div>\n\t\t\t\t\t<\/div>\n\t\t<\/section>\n\t\t\t\t<section class=\"elementor-section elementor-top-section elementor-element elementor-element-d500d80 elementor-section-boxed elementor-section-height-default elementor-section-height-default\" data-id=\"d500d80\" data-element_type=\"section\">\n\t\t\t\t\t\t<div class=\"elementor-container elementor-column-gap-default\">\n\t\t\t\t\t<div class=\"elementor-column elementor-col-100 elementor-top-column elementor-element elementor-element-3b54da4\" data-id=\"3b54da4\" data-element_type=\"column\">\n\t\t\t<div class=\"elementor-widget-wrap elementor-element-populated\">\n\t\t\t\t\t\t<div class=\"elementor-element elementor-element-494e607 elementor-widget elementor-widget-image\" data-id=\"494e607\" data-element_type=\"widget\" data-widget_type=\"image.default\">\n\t\t\t\t<div class=\"elementor-widget-container\">\n\t\t\t\t\t\t\t\t\t\t\t\t\t\t\t<img decoding=\"async\" width=\"800\" height=\"599\" src=\"https:\/\/crystapc.fkit.hr\/wp-content\/uploads\/2024\/01\/1.jpg\" class=\"attachment-large size-large wp-image-1394\" alt=\"\" srcset=\"https:\/\/crystapc.fkit.hr\/wp-content\/uploads\/2024\/01\/1.jpg 800w, https:\/\/crystapc.fkit.hr\/wp-content\/uploads\/2024\/01\/1-300x225.jpg 300w, https:\/\/crystapc.fkit.hr\/wp-content\/uploads\/2024\/01\/1-768x575.jpg 768w, https:\/\/crystapc.fkit.hr\/wp-content\/uploads\/2024\/01\/1-16x12.jpg 16w\" sizes=\"(max-width: 800px) 100vw, 800px\" \/>\t\t\t\t\t\t\t\t\t\t\t\t\t\t\t<\/div>\n\t\t\t\t<\/div>\n\t\t\t\t\t<\/div>\n\t\t<\/div>\n\t\t\t\t\t<\/div>\n\t\t<\/section>\n\t\t\t\t<\/div>\n\t\t","protected":false},"excerpt":{"rendered":"<p>U prosincu 2023. grupa istra\u017eiva\u010da projekta CrystAPC posjetila je Prehrambeno-tehnolo\u0161ki fakultet Sveu\u010dili\u0161ta u Osijeku. Na\u0161 doma\u0107in bila je prof. \u0110ur\u0111ica A\u010dkar, prodekanica za znanost i me\u0111unarodnu suradnju. Na\u0161a je grupa predstavila projekt CrystAPC, njegove ciljeve, pristup i postignu\u0107a. Profesorica A\u010dkar predstavila nam je raznovrsnu znanstvenu djelatnost Fakulteta i istra\u017eiva\u010dka iskustva na podru\u010dju prehrambene tehnologije. U [&hellip;]<\/p>\n","protected":false},"author":1,"featured_media":0,"parent":0,"menu_order":0,"comment_status":"closed","ping_status":"closed","template":"","meta":{"ngg_post_thumbnail":0,"footnotes":""},"class_list":["post-1392","page","type-page","status-publish","hentry"],"_links":{"self":[{"href":"https:\/\/crystapc.fkit.hr\/index.php?rest_route=\/wp\/v2\/pages\/1392","targetHints":{"allow":["GET"]}}],"collection":[{"href":"https:\/\/crystapc.fkit.hr\/index.php?rest_route=\/wp\/v2\/pages"}],"about":[{"href":"https:\/\/crystapc.fkit.hr\/index.php?rest_route=\/wp\/v2\/types\/page"}],"author":[{"embeddable":true,"href":"https:\/\/crystapc.fkit.hr\/index.php?rest_route=\/wp\/v2\/users\/1"}],"replies":[{"embeddable":true,"href":"https:\/\/crystapc.fkit.hr\/index.php?rest_route=%2Fwp%2Fv2%2Fcomments&post=1392"}],"version-history":[{"count":8,"href":"https:\/\/crystapc.fkit.hr\/index.php?rest_route=\/wp\/v2\/pages\/1392\/revisions"}],"predecessor-version":[{"id":1509,"href":"https:\/\/crystapc.fkit.hr\/index.php?rest_route=\/wp\/v2\/pages\/1392\/revisions\/1509"}],"wp:attachment":[{"href":"https:\/\/crystapc.fkit.hr\/index.php?rest_route=%2Fwp%2Fv2%2Fmedia&parent=1392"}],"curies":[{"name":"wp","href":"https:\/\/api.w.org\/{rel}","templated":true}]}}

Umrežavanje s Prehrambeno-tehnološkim fakultetom u Osijeku

<div data-elementor-type="wp-page" data-elementor-id="1392" class="elementor elementor-1392">
						<section class="elementor-section elementor-top-section elementor-element elementor-element-3ac2314 elementor-section-boxed elementor-section-height-default elementor-section-height-default" data-id="3ac2314" data-element_type="section">
						<div class="elementor-container elementor-column-gap-default">
					<div class="elementor-column elementor-col-100 elementor-top-column elementor-element elementor-element-2a8eaff" data-id="2a8eaff" data-element_type="column">
			<div class="elementor-widget-wrap elementor-element-populated">
						<div class="elementor-element elementor-element-81973f4 elementor-widget elementor-widget-image" data-id="81973f4" data-element_type="widget" data-widget_type="image.default">
				<div class="elementor-widget-container">
															<img fetchpriority="high" decoding="async" width="768" height="125" src="https://crystapc.fkit.hr/wp-content/uploads/2024/03/retard-768x125.png" class="attachment-medium_large size-medium_large wp-image-1488" alt="" srcset="https://crystapc.fkit.hr/wp-content/uploads/2024/03/retard-768x125.png 768w, https://crystapc.fkit.hr/wp-content/uploads/2024/03/retard-300x49.png 300w, https://crystapc.fkit.hr/wp-content/uploads/2024/03/retard-1024x167.png 1024w, https://crystapc.fkit.hr/wp-content/uploads/2024/03/retard-18x3.png 18w, https://crystapc.fkit.hr/wp-content/uploads/2024/03/retard.png 1359w" sizes="(max-width: 768px) 100vw, 768px" />															</div>
				</div>
					</div>
		</div>
					</div>
		</section>
				<section class="elementor-section elementor-top-section elementor-element elementor-element-c39cf11 elementor-section-boxed elementor-section-height-default elementor-section-height-default" data-id="c39cf11" data-element_type="section">
						<div class="elementor-container elementor-column-gap-default">
					<div class="elementor-column elementor-col-100 elementor-top-column elementor-element elementor-element-922460b" data-id="922460b" data-element_type="column">
			<div class="elementor-widget-wrap elementor-element-populated">
						<div class="elementor-element elementor-element-ead2405 elementor-widget elementor-widget-text-editor" data-id="ead2405" data-element_type="widget" data-widget_type="text-editor.default">
				<div class="elementor-widget-container">
									<p>U prosincu 2023. grupa istraživača projekta CrystAPC posjetila je Prehrambeno-tehnološki fakultet Sveučilišta u Osijeku. Naš domaćin bila je prof. Đurđica Ačkar, prodekanica za znanost i međunarodnu suradnju. Naša je grupa predstavila projekt CrystAPC, njegove ciljeve, pristup i postignuća. Profesorica Ačkar predstavila nam je raznovrsnu znanstvenu djelatnost Fakulteta i istraživačka iskustva na području prehrambene tehnologije. U nastavku posjeta razgovaralo se o mogućoj suradnji, budućim projektima i razmjeni iskustva između dviju institucija.</p>								</div>
				</div>
					</div>
		</div>
					</div>
		</section>
				<section class="elementor-section elementor-top-section elementor-element elementor-element-d500d80 elementor-section-boxed elementor-section-height-default elementor-section-height-default" data-id="d500d80" data-element_type="section">
						<div class="elementor-container elementor-column-gap-default">
					<div class="elementor-column elementor-col-100 elementor-top-column elementor-element elementor-element-3b54da4" data-id="3b54da4" data-element_type="column">
			<div class="elementor-widget-wrap elementor-element-populated">
						<div class="elementor-element elementor-element-494e607 elementor-widget elementor-widget-image" data-id="494e607" data-element_type="widget" data-widget_type="image.default">
				<div class="elementor-widget-container">
															<img decoding="async" width="800" height="599" src="https://crystapc.fkit.hr/wp-content/uploads/2024/01/1.jpg" class="attachment-large size-large wp-image-1394" alt="" srcset="https://crystapc.fkit.hr/wp-content/uploads/2024/01/1.jpg 800w, https://crystapc.fkit.hr/wp-content/uploads/2024/01/1-300x225.jpg 300w, https://crystapc.fkit.hr/wp-content/uploads/2024/01/1-768x575.jpg 768w, https://crystapc.fkit.hr/wp-content/uploads/2024/01/1-16x12.jpg 16w" sizes="(max-width: 800px) 100vw, 800px" />															</div>
				</div>
					</div>
		</div>
					</div>
		</section>
				</div>

<p>U prosincu 2023. grupa istraživača projekta CrystAPC posjetila je Prehrambeno-tehnološki fakultet Sveučilišta u Osijeku. Naš domaćin bila je prof. Đurđica Ačkar, prodekanica za znanost i međunarodnu suradnju. Naša je grupa predstavila projekt CrystAPC, njegove ciljeve, pristup i postignuća. Profesorica Ačkar predstavila nam je raznovrsnu znanstvenu djelatnost Fakulteta i istraživačka iskustva na području prehrambene tehnologije. U [&hellip;]</p>
