{"id":1411,"date":"2024-01-20T18:05:24","date_gmt":"2024-01-20T17:05:24","guid":{"rendered":"https:\/\/crystapc.fkit.hr\/?page_id=1411"},"modified":"2024-03-29T08:55:09","modified_gmt":"2024-03-29T07:55:09","slug":"konferencija-oporh","status":"publish","type":"page","link":"https:\/\/crystapc.fkit.hr\/?page_id=1411","title":{"rendered":"Konferencija OPORH"},"content":{"rendered":"\t\t<div data-elementor-type=\"wp-page\" data-elementor-id=\"1411\" class=\"elementor elementor-1411\">\n\t\t\t\t\t\t<section class=\"elementor-section elementor-top-section elementor-element elementor-element-a60f903 elementor-section-boxed elementor-section-height-default elementor-section-height-default\" data-id=\"a60f903\" data-element_type=\"section\">\n\t\t\t\t\t\t<div class=\"elementor-container elementor-column-gap-default\">\n\t\t\t\t\t<div class=\"elementor-column elementor-col-100 elementor-top-column elementor-element elementor-element-85b02c9\" data-id=\"85b02c9\" data-element_type=\"column\">\n\t\t\t<div class=\"elementor-widget-wrap elementor-element-populated\">\n\t\t\t\t\t\t<div class=\"elementor-element elementor-element-3906eb7 elementor-widget elementor-widget-image\" data-id=\"3906eb7\" data-element_type=\"widget\" data-widget_type=\"image.default\">\n\t\t\t\t<div class=\"elementor-widget-container\">\n\t\t\t\t\t\t\t\t\t\t\t\t\t\t\t<img fetchpriority=\"high\" decoding=\"async\" width=\"768\" height=\"125\" src=\"https:\/\/crystapc.fkit.hr\/wp-content\/uploads\/2024\/03\/retard-768x125.png\" class=\"attachment-medium_large size-medium_large wp-image-1488\" alt=\"\" srcset=\"https:\/\/crystapc.fkit.hr\/wp-content\/uploads\/2024\/03\/retard-768x125.png 768w, https:\/\/crystapc.fkit.hr\/wp-content\/uploads\/2024\/03\/retard-300x49.png 300w, https:\/\/crystapc.fkit.hr\/wp-content\/uploads\/2024\/03\/retard-1024x167.png 1024w, https:\/\/crystapc.fkit.hr\/wp-content\/uploads\/2024\/03\/retard-18x3.png 18w, https:\/\/crystapc.fkit.hr\/wp-content\/uploads\/2024\/03\/retard.png 1359w\" sizes=\"(max-width: 768px) 100vw, 768px\" \/>\t\t\t\t\t\t\t\t\t\t\t\t\t\t\t<\/div>\n\t\t\t\t<\/div>\n\t\t\t\t\t<\/div>\n\t\t<\/div>\n\t\t\t\t\t<\/div>\n\t\t<\/section>\n\t\t\t\t<section class=\"elementor-section elementor-top-section elementor-element elementor-element-f802361 elementor-section-boxed elementor-section-height-default elementor-section-height-default\" data-id=\"f802361\" data-element_type=\"section\">\n\t\t\t\t\t\t<div class=\"elementor-container elementor-column-gap-default\">\n\t\t\t\t\t<div class=\"elementor-column elementor-col-100 elementor-top-column elementor-element elementor-element-459b47c\" data-id=\"459b47c\" data-element_type=\"column\">\n\t\t\t<div class=\"elementor-widget-wrap elementor-element-populated\">\n\t\t\t\t\t\t<div class=\"elementor-element elementor-element-b5da5a4 elementor-widget elementor-widget-text-editor\" data-id=\"b5da5a4\" data-element_type=\"widget\" data-widget_type=\"text-editor.default\">\n\t\t\t\t<div class=\"elementor-widget-container\">\n\t\t\t\t\t\t\t\t\t<p>Doc. Ujevi\u0107 Andriji\u0107 i prof. Bolf sudjelovali su na VIII me\u0111unarodnom znanstveno-stru\u010dnom simpoziju \u201cResursi okoli\u0161a, odr\u017eivi razvoj i proizvodnja hrane \u2013 OPORPH 2023 u organizaciji Tehnolo\u0161kog fakulteta Univerziteta Univerziteta u Tuzli i Udru\u017eenja hemi\u010dara Tuzlanskog kantona u 9. do 10. studenog 2023.<\/p><p>Razmijenili smo na\u0161a iskustva o procesnoj analiti\u010dkoj tehnologiji s kolegama iz regije, kao i na\u0161e iskustvo s razli\u010ditim spektroskopskim mjerenjima za in-situ mjerenja. Rad na projektu CrystAPC predstavili smo posterom Process Analytical Technology for Real-Time Crystallisation Process Control.<\/p>\t\t\t\t\t\t\t\t<\/div>\n\t\t\t\t<\/div>\n\t\t\t\t\t<\/div>\n\t\t<\/div>\n\t\t\t\t\t<\/div>\n\t\t<\/section>\n\t\t\t\t<\/div>\n\t\t","protected":false},"excerpt":{"rendered":"<p>Doc. Ujevi\u0107 Andriji\u0107 i prof. Bolf sudjelovali su na VIII me\u0111unarodnom znanstveno-stru\u010dnom simpoziju \u201cResursi okoli\u0161a, odr\u017eivi razvoj i proizvodnja hrane \u2013 OPORPH 2023 u organizaciji Tehnolo\u0161kog fakulteta Univerziteta Univerziteta u Tuzli i Udru\u017eenja hemi\u010dara Tuzlanskog kantona u 9. do 10. studenog 2023. Razmijenili smo na\u0161a iskustva o procesnoj analiti\u010dkoj tehnologiji s kolegama iz regije, kao [&hellip;]<\/p>\n","protected":false},"author":1,"featured_media":0,"parent":0,"menu_order":0,"comment_status":"closed","ping_status":"closed","template":"","meta":{"ngg_post_thumbnail":0,"footnotes":""},"class_list":["post-1411","page","type-page","status-publish","hentry"],"_links":{"self":[{"href":"https:\/\/crystapc.fkit.hr\/index.php?rest_route=\/wp\/v2\/pages\/1411","targetHints":{"allow":["GET"]}}],"collection":[{"href":"https:\/\/crystapc.fkit.hr\/index.php?rest_route=\/wp\/v2\/pages"}],"about":[{"href":"https:\/\/crystapc.fkit.hr\/index.php?rest_route=\/wp\/v2\/types\/page"}],"author":[{"embeddable":true,"href":"https:\/\/crystapc.fkit.hr\/index.php?rest_route=\/wp\/v2\/users\/1"}],"replies":[{"embeddable":true,"href":"https:\/\/crystapc.fkit.hr\/index.php?rest_route=%2Fwp%2Fv2%2Fcomments&post=1411"}],"version-history":[{"count":10,"href":"https:\/\/crystapc.fkit.hr\/index.php?rest_route=\/wp\/v2\/pages\/1411\/revisions"}],"predecessor-version":[{"id":1515,"href":"https:\/\/crystapc.fkit.hr\/index.php?rest_route=\/wp\/v2\/pages\/1411\/revisions\/1515"}],"wp:attachment":[{"href":"https:\/\/crystapc.fkit.hr\/index.php?rest_route=%2Fwp%2Fv2%2Fmedia&parent=1411"}],"curies":[{"name":"wp","href":"https:\/\/api.w.org\/{rel}","templated":true}]}}